46. Calculate the remainder when 673 is divided by i.
103
Let q(n) = 16*n**2 + 14*n + 11. Let m(g) = g**3 - 6*g**2 + 7*g - 6. What is the remainder when q(-2) is divided by m(5)?
3
Let h(c) = -5*c + c**2 + 3*c - 5*c + 4 + 1. Let b be h(7). Suppose -b*x + 86 = -44. Calculate the remainder when x is divided by 9.
8
Let n be 5/((-50)/12)*-20. Calculate the remainder when 67 is divided by 214/12 - (2 + (-52)/n).
13
Suppose -3*l + 0*l = -2*c + 174, -2*c - 3*l = -150. Let q = -39 - -67. What is the remainder when c is divided by q?
25
Suppose 976 = -5*p + 21*p. Suppose -4*b + 72 = -16. What is the remainder when p is divided by b?
17
Suppose 7*m - 2838 = -87. What is the remainder when m is divided by 18?
15
Let t(k) = -k**2 + 6*k - 1. Suppose -2*a + 8 = 4*f - 18, 5*f = 2*a + 19. Calculate the remainder when (-2 + 0 + 3)/(2504/104 - 24) is divided by t(f).
1
Suppose f - 21 = -o - 65, -2*f = 5*o + 223. Let l = 99 + o. What is the remainder when l is divided by 11?
10
Let o(z) = z**2 - 4*z - 6. Let q be o(6). Suppose -2*l - 4 = -q*l. What is the remainder when (-52)/8*-2*l is divided by 8?
5
Let x(d) = -3*d**3 - 12*d**2 + 32*d + 1. What is the remainder when x(-6) is divided by 2?
1
Suppose 3*d - 10 = 44. Calculate the remainder when 19 is divided by d.
1
Let r = -1243 + 1338. Calculate the remainder when r is divided by 49.
46
Suppose 0 = 5*z - 8*z + 15. Suppose 25 = z*c, 4*b + 5*c - 297 = -0*c. Calculate the remainder when b is divided by 24.
20
Suppose 170 = 5*r + 16*h - 21*h, 3*r - 4*h - 97 = 0. What is the remainder when r is divided by 39?
0
Suppose -10*i = -7*i. Suppose -4*u = -i*u + 16. Let y = u - -10. What is the remainder when y is divided by 3?
0
Suppose 0*z = -z - 202. Let d = z - -134. Calculate the remainder when 31 is divided by 1*3/((-12)/d).
14
Let c = 17 - 46. Let r = -12 - c. Calculate the remainder when 32 is divided by r.
15
What is the remainder when ((-3)/12*-4)/((-2)/(-34)) is divided by 7?
3
What is the remainder when 375 is divided by 20/(-270) + 4878/243?
15
Suppose -47*o + 19 = -46*o. What is the remainder when 61 is divided by o?
4
Suppose -2*b - o + 37 = 0, -4*o - 7 = 2*b - 35. Let g = -149 - -228. What is the remainder when g is divided by b?
19
Suppose -207*p + 8140 = -163*p. What is the remainder when p is divided by 64?
57
Let f be (-2 + -2)/4 + 4. Suppose -f*g + 0*g = -12. Calculate the remainder when 10 is divided by g.
2
Let m(o) = -5*o - 66. What is the remainder when m(-18) is divided by 7?
3
Let k(d) = -5*d**3 - d**2 - 3*d - 3. Let f be k(-1). Suppose 3*s + c - 16 = -c, 3*s + f*c = 20. Calculate the remainder when s is divided by 2.
0
Suppose 2*y = 2*z - 6, -2*z = 3*y - 10 - 1. Suppose -3*l + 8 = -3*j + 4*j, 1 = l. Suppose j = 3*i - y. Calculate the remainder when 7 is divided by i.
1
Suppose -59*q - 767 = -72*q. Calculate the remainder when q is divided by 10.
9
Let p = 0 - -8. Calculate the remainder when 43 + (-3)/(-9)*18 + 1 is divided by 234/14 - p/(-28).
16
Let x = -149 - -203. Calculate the remainder when 106 is divided by x.
52
Suppose 0 = 3*m + m + 296. Calculate the remainder when 2/(-3)*(m + 5) is divided by 4/(-14) + 228/14.
14
Let r(w) = w**3 - 7*w**2 + 8*w - 33. What is the remainder when r(7) is divided by 11?
1
Let d = 31 - 25. Let o = -3 + d. What is the remainder when 8 is divided by o?
2
Let c = 314 + -481. Let g = -73 - c. Suppose 0 = -5*a + p - 2*p + 235, 2*a = -2*p + g. What is the remainder when a is divided by 16?
15
Suppose -19*v + 15*v = -60. What is the remainder when ((-75)/(-20))/v + (-422)/(-8) is divided by 14?
11
Let u(w) = -2. Let a(l) = 42*l - 28. Let r(m) = a(m) + 5*u(m). What is the remainder when r(4) is divided by 27?
22
Suppose -2*l - 4*z = -24 - 16, -4*l - 2*z + 50 = 0. What is the remainder when 196 is divided by l?
6
Suppose 41 = w + 2*b, 41 = w - 3*b + 6*b. Let g(d) = d**3 + 8*d**2 + 6. Let o be g(-8). Calculate the remainder when w is divided by (-4)/o + 220/15.
13
Suppose -4*w = 2*c + 2, 3*c = -0*w + 4*w + 17. Calculate the remainder when 8 is divided by 1/(-4)*-4 - w.
2
Suppose -5*x - 71 = -k, 5*k - 2*x - 174 = 2*k. Suppose 96 = 5*l - w, -3*w = -5*l - 8*w + 90. Calculate the remainder when k is divided by l.
18
Let o = 96 + -34. Let n(y) = -o*y - 1 + 62*y + 67*y**2. What is the remainder when n(-1) is divided by 34?
32
Suppose -2*w - 100 = -4*j, -2*j + 32 = 4*w - 38. Calculate the remainder when 70 is divided by j.
16
Let d(c) = c**2 + 11*c - 8. Let u be d(-12). Suppose u*w = w + 27. What is the remainder when w is divided by 7?
2
Let j(n) = 20*n**3 - n**2 + 2*n - 2. Let a be j(1). Let x = a + 25. What is the remainder when 128 is divided by x?
40
Let d(r) = r**2 + 11*r + 50. What is the remainder when 50 is divided by d(-8)?
24
Let r(z) = -1. Let l(j) = j + 7. Let a(g) = -3*l(g) - 21*r(g). What is the remainder when 125 is divided by a(-7)?
20
Suppose -t + 216 = 85. Let y = t + 19. Suppose -4*a + 78 = -y. What is the remainder when a is divided by 15?
12
Suppose 5*y - r - 150 = 0, -99 = -5*y + 4*r + 51. Calculate the remainder when (-397)/(-4) - 2/8 is divided by 14/4*y*(-8)/(-42).
19
Let o = 66 - 9. Suppose l + 5*a + 9 = 3*l, 0 = 5*l - a - o. Calculate the remainder when (-4)/12 - (-278)/6 is divided by l.
10
Suppose 5*z - g - 561 = g, z - 117 = 2*g. Calculate the remainder when z is divided by 19.
16
Let v = 273 + 170. Calculate the remainder when v is divided by 6.
5
Suppose 44 = 5*w + 134. Let m = -2 - w. Let k(o) = 3*o**2 + 2*o - 2. Calculate the remainder when k(-5) is divided by m.
15
Let c(w) = w**3 + 4*w**2 - 4*w + 1. Let l = 21161 + -21098. Calculate the remainder when l is divided by c(-4).
12
Let j(h) = 3*h - 11. Let i be j(5). Let d be 0 + i + (8 - 5). Suppose 4*o + p - 47 = 0, 3 = 4*p + d. Calculate the remainder when 23 is divided by o.
11
Let z(n) = 82*n**2 + n. Let x be z(-1). Let l = x + -58. Calculate the remainder when 87 is divided by l.
18
Suppose -14 = -4*m - 6. Let w = m + 28. What is the remainder when w is divided by 11?
8
Suppose 4*l - 130 = -5*n, 2*n = -5*l + l + 52. What is the remainder when 84 is divided by n?
6
Suppose 260 = 5*r - 4*z, 5*r - 29 = 2*z + 221. Calculate the remainder when 116 is divided by r.
20
Suppose -427*v + 5 = -426*v. What is the remainder when 48 is divided by v?
3
Calculate the remainder when 134 is divided by (14/(-28))/(3/(-96)).
6
Let h = 206 + -114. Suppose 2*o + 0*z + 2*z - h = 0, 0 = 4*o - 3*z - 212. Let w = o + -8. What is the remainder when w is divided by 11?
9
Suppose -w - 6*y + 3 = -3*y, -2*w + 12 = 3*y. Calculate the remainder when (60/(-18))/((-6)/w) is divided by 2.
1
Calculate the remainder when (533/(-65) + 9)/(2/60) is divided by 7.
3
Suppose 2*f = f. Suppose 0 = -2*w - f + 20. Suppose 5*y = -0*q + q - w, y + 22 = q. Calculate the remainder when 97 is divided by q.
22
Let g = -31 - -22. Calculate the remainder when 10 is divided by 5/(-10)*(-1 + g).
0
Calculate the remainder when 176 is divided by 10/(-2)*(-7)/(91/260).
76
What is the remainder when 3/(7/1197*3)*(-2)/(-9) is divided by -21*1*6/(-9)?
10
Let t = -263 + 266. Calculate the remainder when 52 is divided by t.
1
Let j = -324 - -356. Suppose 8*s = 2*l + 4*s - 26, 3*l = -4*s + 29. What is the remainder when j is divided by l?
10
Let x(k) = k**3 + 13*k**2 + 17*k - 7. Calculate the remainder when 232 is divided by x(-11).
40
What is the remainder when (-4)/(-1) - (5 + 73)*-1 is divided by 18?
10
Calculate the remainder when 2412/48*(-1)/(2/(-8)) is divided by 29.
27
Let f(y) = y**2 - 6*y + 2. Let k be f(5). Let n = 59 + -38. What is the remainder when -1*k/(-4) - 654/(-8) is divided by n?
18
Let l = 38 - 86. Let o = l + 55. What is the remainder when 8 is divided by o?
1
Let d be 256/24 - (-2)/(-3). Let m be (2 - 9)/(1/d). Calculate the remainder when (m/4)/((-2)/4) is divided by 6.
5
Let b(r) = -29*r**3 - 2*r**2 + 1. Suppose -2*h + 4*h - 7 = -5*u, -5*h + 4*u + 1 = 0. Suppose 3*c = 2*c - h. Calculate the remainder when b(c) is divided by 10.
8
Suppose -22 + 78 = 4*q. What is the remainder when ((-12)/(-8))/(27/126) + 116 is divided by q?
11
Let c(t) = -t**3 - 5*t**2 + 9*t + 25. What is the remainder when 158 is divided by c(-6)?
4
Suppose -4*v + s + 4*s = -32, -2*v = 3*s + 6. Suppose -3*i = 0, -4*r = -v*r + i - 14. Calculate the remai